+ 23*l - 200. Give j(7).
10
Let b(l) = 195*l - 6028. What is b(32)?
212
Let j(b) = -5*b**3 + 516*b**2 + 420*b - 413. Give j(104).
3
Let i(p) = 482*p - 344. What is i(0)?
-344
Let d(n) = 8*n**3 + n**2 + 271*n - 835. Give d(3).
203
Let p(q) = 3*q**2 + 1971*q - 66134. Determine p(32).
10
Let o(z) = -z**2 - 11671*z - 615760. Give o(-53).
-6
Let k(s) = -1998*s + 22007. What is k(11)?
29
Let s(j) = j**2 - 418*j - 7766. Give s(-18).
82
Let q(a) = 11*a**2 + 17*a - 66. Give q(3).
84
Let f(p) = 469988*p - 469989. What is f(1)?
-1
Let h(x) = -x**3 - 37*x**2 + 75*x + 7833. Determine h(-19).
-90
Let q(f) = -4*f**2 + 648*f + 2685. What is q(-4)?
29
Let j(w) = -922013*w + 4610072. Determine j(5).
7
Let h(i) = 4*i**3 - 36*i**2 - 5128*i + 46161. Calculate h(9).
9
Let h(x) = -54*x**2 - 3402*x + 3484. What is h(-64)?
28
Let c(h) = 3*h**2 - 65*h + 481. What is c(32)?
1473
Let z(a) = 177614*a + 1065627. Calculate z(-6).
-57
Let w(y) = 12*y**2 - 539*y + 3016. What is w(6)?
214
Let b(y) = -911*y**2 + 1846*y - 10. What is b(2)?
38
Let x(b) = 14*b**3 - 42*b**2 - 38*b - 22. Calculate x(4).
50
Let f(a) = 1326*a + 449519. Determine f(-339).
5
Let k(f) = 2306*f**2 - 2104*f - 210. What is k(1)?
-8
Let w(b) = 17*b**2 + 749*b + 7440. Determine w(-29).
16
Let u(f) = 2141*f - 14001. Give u(6).
-1155
Let n(k) = k**3 - 208*k**2 + 747*k + 14079. What is n(204)?
3
Let a(k) = 61*k**2 - 19*k - 56. Determine a(-2).
226
Let p(i) = 224*i**2 - 19036*i - 312. Give p(85).
28
Let l(m) = -3*m**2 + 5116*m - 30724. Calculate l(6).
-136
Let w(y) = 345*y + 20241. Determine w(-58).
231
Let b(c) = -c**3 + 160*c**2 + 2594*c - 15. What is b(-15)?
450
Let d(i) = -2*i**2 + 1594*i + 56442. Determine d(-34).
-66
Let h(m) = m**3 - 529*m**2 - 2140*m + 4111. Determine h(533).
-153
Let c(g) = -3*g**3 - 66*g**2 - 374*g - 385. Determine c(-14).
147
Let q(x) = -34*x**3 + 6637*x**2 - 1370*x + 974. Calculate q(195).
-1
Let y(d) = 25586*d - 4886944. What is y(191)?
-18
Let w(k) = -390*k - 5236. Calculate w(-13).
-166
Let h(k) = 161*k**2 + 8839*k - 9911. Calculate h(-56).
1
Let c(i) = -16*i**2 - 279*i + 502. Calculate c(-19).
27
Let i(x) = 2*x**3 + 85*x**2 - 46*x - 415. Determine i(-43).
-286
Let r(a) = -41*a**2 + 7256*a + 317. Give r(177).
140
Let i(t) = 1665*t - 241432. Calculate i(145).
-7
Let t(v) = -34955*v + 559292. What is t(16)?
12
Let u(q) = 691*q**2 - 521*q + 523. What is u(1)?
693
Let d(q) = 9*q**3 + 2784*q**2 + 2770*q - 14. Give d(-1).
-9
Let u(k) = -k**2 - 171*k - 2638. Determine u(-159).
-730
Let w(p) = -36*p**3 - 2*p**2 + 82*p + 424. Calculate w(-4).
2368
Let v(d) = -24941*d + 199544. Calculate v(8).
16
Let p(q) = 721*q + 46691. Give p(-65).
-174
Let y(j) = 2*j**2 - 2270*j + 114773. Determine y(53).
81
Let j(b) = 2*b**3 - b**2 - 55*b + 28. Determine j(-9).
-1016
Let f(m) = 5074*m - 106579. What is f(21)?
-25
Let x(y) = 8269*y + 16558. What is x(-2)?
20
Let u(a) = -14*a**2 + 62124*a + 622660. Determine u(-10).
20
Let i(m) = 2928*m**2 + 593*m - 597. Give i(1).
2924
Let j(y) = -191*y - 32077. Determine j(-167).
-180
Let g(p) = p**2 + 802*p + 129458. Calculate g(-224).
-14
Let t(i) = -3*i**3 + 30*i**2 - 73*i + 832. Calculate t(12).
-908
Let b(n) = 3*n**2 + 7*n + 33. Calculate b(-18).
879
Let b(a) = -a**2 - 225074*a - 3600917. Calculate b(-16).
11
Let u(h) = 760*h - 57486. Calculate u(76).
274
Let t(v) = 2*v**2 + 679*v + 32841. Give t(-281).
-36
Let q(o) = 1331*o - 1234. Calculate q(1).
97
Let z(w) = -6*w**3 - 25*w**2 + 177*w + 711. Give z(-4).
-13
Let k(v) = -29562*v + 236439. What is k(8)?
-57
Let p(w) = 65*w**2 - 16843*w + 2078. Calculate p(259).
6
Let h(z) = z**3 + 168*z**2 + 166*z - 179. Determine h(-167).
-12
Let q(n) = -14*n**2 + 3094*n + 82294. Give q(-24).
-26
Let q(n) = -5*n + 212. What is q(-21)?
317
Let p(x) = 4*x**3 + 31*x**2 - 12*x + 186. Give p(-11).
-1255
Let b(k) = 4*k**2 - 237*k - 845. What is b(62)?
-163
Let s(q) = -3*q**3 + 114*q**2 - 508*q + 430. Give s(33).
1
Let q(m) = -11562*m + 450906. Determine q(39).
-12
Let l(c) = c**2 - 4117*c - 795867. Give l(-185).
3
Let t(f) = 1065*f - 116071. Give t(109).
14
Let j(a) = -a**3 - 80*a**2 - 1821*a - 122428. Give j(-77).
2
Let b(l) = -20898*l + 58. Calculate b(0).
58
Let m(w) = -233*w + 78747. Determine m(338).
-7
Let a(x) = 2*x**3 - 25*x**2 + 285*x - 255. Calculate a(8).
1449
Let g(i) = -24*i**3 + 5*i**2 + 91*i + 173. Determine g(-2).
203
Let w(k) = 739*k + 8094. Calculate w(-11).
-35
Let o(x) = -x**3 + 259*x**2 - 1515*x + 6. What is o(6)?
24
Let p(z) = -3*z**2 - 4625*z - 193318. What is p(-43)?
10
Let i(v) = -21999*v + 637964. Calculate i(29).
-7
Let y(o) = 9471*o - 1250424. What is y(132)?
-252
Let c(v) = 36*v**2 + 3106*v + 9793. What is c(-83)?
-1
Let x(k) = 5143*k - 36008. Calculate x(7).
-7
Let k(x) = x**2 - 118990*x + 2141510. Give k(18).
14
Let n(a) = 28941*a - 4196430. Give n(145).
15
Let m(c) = 26*c**2 + 132*c - 1418. What is m(11)?
3180
Let c(p) = p**3 + 13*p**2 + 1063*p + 20770. Determine c(-18).
16
Let l(s) = s**3 - 484*s**2 - 1671*s - 137124. Give l(488).
4
Let m(r) = -1043*r - 208633. What is m(-200)?
-33
Let n(r) = r**2 + 67*r + 616. Determine n(-13).
-86
Let b(q) = -2*q**3 + 27*q**2 - 27*q + 344. Give b(14).
-230
Let l(a) = -a**2 - 9720*a - 29148. Determine l(-3).
3
Let p(r) = -12*r**2 - 117581*r + 117590. What is p(1)?
-3
Let g(b) = -b**2 - 567*b - 11748. Calculate g(-24).
1284
Let o(l) = 122*l + 59793. What is o(-492)?
-231
Let n(d) = 2*d**2 + 45*d - 1330. What is n(19)?
247
Let s(u) = -7*u**2 - 451*u + 14522. Determine s(-88).
2
Let a(f) = 2798*f - 19461. Calculate a(7).
125
Let k(z) = -25*z**2 - 4543*z + 27212. Determine k(6).
-946
Let c(u) = 5*u**2 + 659*u - 31414. Give c(-169).
20
Let d(y) = 10*y**3 + 828*y**2 - 165*y + 75. What is d(-83)?
-8
Let m(a) = 3*a**2 - 13650*a + 715055. Give m(53).
32
Let v(q) = q**3 - 93*q**2 + 2362*q - 242398. Give v(95).
42
Let r(q) = 2*q**3 - 3*q**2 - 24*q + 86. Give r(4).
70
Let w(m) = 25*m**2 + 4514*m + 15722. Give w(-177).
-31
Let s(b) = 6739*b - 40511. What is s(6)?
-77
Let g(v) = 1003238*v + 40129526. Give g(-40).
6
Let g(h) = 7*h**2 + 332*h - 170. What is g(-49)?
369
Let z(c) = 55*c**2 - 391*c + 1103. Calculate z(3).
425
Let z(m) = 3*m**2 + 690*m + 33047. What is z(-68)?
-1
Let i(m) = 767*m**2 + 2870*m - 799. Determine i(-4).
-7
Let p(m) = 366*m**2 - 10237*m - 102. Give p(28).
206
Let f(g) = -5813*g - 2458706. Calculate f(-423).
193
Let l(p) = -p**3 + 58*p**2 - 212*p + 221. Calculate l(53).
3030
Let o(d) = -d**3 - 261*d**2 + 16648*d + 2045. Determine o(-314).
161
Let y(n) = 3425*n - 17123. Give y(5).
2
Let r(w) = w**3 - 20*w**2 - 82*w + 557. Calculate r(20).
-1083
Let x(y) = -45248*y + 226290. What is x(5)?
50
Let b(g) = 270455*g - 2975028. Calculate b(11).
-23
Let c(d) = -d**2 + 90*d - 1855. What is c(40)?
145
Let w(c) = -635*c - 812. Calculate w(-1).
-177
Let f(s) = -7*s**2 + 1318*s - 11804. Determine f(9).
-509
Let h(u) = 34*u**3 + 17372*u**2 - 981*u + 20946. Calculate h(-511).
-5
Let o(b) = b**3 + 88*b**2 - 960*b - 3. Give o(10).
197
Let q(l) = 82*l - 14242. Determine q(175).
108
Let z(c) = c**3 + 14*c**2 - 50*c - 476. Calculate z(-15).
49
Let c(r) = 26*r**3 + 2*r**2 - 118*r - 373. Calculate c(-3).
-703
Let w(g) = 2*g**3 + 13*g**2 - 35*g + 7. What is w(3)?
73
Let w(a) = -a**3 - 2*a**2 + 352*a - 1070. Give w(3).
-59
Let b(s) = 76*s**2 - 44*s - 45. Give b(0).
-45
Let j(p) = -p**3 + 134*p**2 - 1244*p + 895. Determine j(124).
399
Let i(t) = t**3 + 203*t**2 + 4560*t - 7435. Determine i(-177).
-1
Let b(j) = 2*j**3 - 74*j**2 + 159*j - 365. Calculate b(35).
300
Let i(v) = -4661*v**3 + v**2 - 19*v + 20. Calculate i(1).
-4659
Let j(b) = 7*b**3 - 22*b**2 + 31*b - 55. Determine j(3).
29
Let u(z) = -30*z**2 - 297*z + 19. What is u(-9)?
262
Let s(m) = -553*m + 50479. Give s(91).
156
Let x(p) = 33*p**2 - 90544*p - 21952. What is x(2744)?
0
Let o(v) = -v**3 + 44*v**2 + 440*v - 25859. What is o(37)?
4
Let p(q) = q**3 + 6*q**2 + 176*q + 96. Calculate p(-9).
-1731
Let m(c) = c**3 + 698*c**2 - 2*c - 168. Determine m(0).
-168
Let o(b) = -79541*b - 636387. Calculate o(-8).
-59
Let b(r) = r**3 + 537*r**2 + 5483*r + 661783. Determine b(-529).
4
Let m(o) = 2715*o - 377541. Give m(139).
-156
Let m(z) = 2*z**3 - 96*z**2 + 270*z - 7. Give m(45).
-7
Let m(g) = 82779*g - 11092370. Give m(134).
16
Let m(u